e prime factors of v.
3
What are the prime factors of (1 - (-53 + 0)) + -2?
2, 13
Suppose -23 = 3*w - 59. List the prime factors of (-24)/(-9)*27/w.
2, 3
Let w be (-3)/(92/(-44) - -2). Let f = w + -21. What are the prime factors of f?
2, 3
Suppose 17*k - 735 = 12*k. What are the prime factors of k?
3, 7
Let m = 10 + -5. Suppose 4*u - 45 = -5*q, -m*u + 54 = -0*u + 4*q. List the prime factors of 4/10 + 146/u.
3, 5
Let u = -7 + 12. Suppose -3*c - 10 = -u*k, 8 = -2*c + 18. What are the prime factors of k?
5
Let j = -158 + 321. List the prime factors of j.
163
Let h(c) be the first derivative of -c**3/3 - 7*c**2/2 - c - 2. List the prime factors of h(-5).
3
Let n(m) = m**3 + 2*m**2 - m + 2. Let s be n(3). Suppose 146 - s = 3*g. What are the prime factors of g?
2, 17
Let f be 1 - (3 - 2 - 0). Suppose n + 2*l - 19 = 0, -5*n - 3*l = -f*l - 109. Suppose 5*b - n = -2*u, -4*u - 24 = -5*b - 5*u. List the prime factors of b.
5
Let y = 5 - 3. Suppose i - 28 = 5*u, 0*u = y*u - 4*i + 4. Let k = -3 - u. What are the prime factors of k?
3
Suppose 12 = -6*q + 132. List the prime factors of q.
2, 5
List the prime factors of ((-15)/20)/((-3)/24).
2, 3
List the prime factors of 6/30 - 99/(-5).
2, 5
Let c = 27 + 7. List the prime factors of c.
2, 17
Let y(a) = a**2 - 2. Suppose -m - h = -11, 3*h - h + 8 = 0. Suppose 0 = -6*s + s + m. List the prime factors of y(s).
7
List the prime factors of (46/3)/((-22)/(-33)).
23
Suppose -h - 4 = -5*h. What are the prime factors of -30*6/(-9) - h?
19
Let s(i) be the first derivative of i**3/3 - i**2 + 2*i - 1. Let y be s(6). Suppose 4*m = -y + 66. List the prime factors of m.
2, 5
Let v = -56 + 134. What are the prime factors of v?
2, 3, 13
Let u(s) = s**2 - 2*s + 3. Let t be u(2). What are the prime factors of ((-3)/t - 1)*-2?
2
Let k(w) = -w + 7. Let l be k(-5). Let a be l*(-2 - (-10)/(-4)). List the prime factors of (-5)/(-20) + a/(-8).
7
Suppose 214 = 5*k + 14. Suppose 2*p - 35 = 5*n, 2*n - p = -3*n - k. List the prime factors of 12 - (-9)/(n/(-3)).
3, 5
Let y = -319 + 573. What are the prime factors of y?
2, 127
Let s = -3 - -4. Let q = 3 - 2. List the prime factors of 6 + q - (1 + s).
5
Suppose -5*n - 2*d - 2*d = -214, 3*d = -n + 45. What are the prime factors of n?
2, 3, 7
Suppose p + 9 = 4*p. Suppose p*q - 24 = -0*q. What are the prime factors of q?
2
Suppose 2*k - 5*k = 3*u - 18, 2 = -5*k + 3*u. Suppose -k*c + 5 = -c. What are the prime factors of c?
5
What are the prime factors of (-24)/56 - (-5)/((-70)/(-2442))?
2, 3, 29
Let r(i) = 3*i**2 - 10*i + 18. What are the prime factors of r(7)?
5, 19
Suppose 11 = 5*v - 0*r - r, 0 = -3*v + r + 7. List the prime factors of ((-2)/(-5))/(v/90).
2, 3
Let q(w) = -5*w**2 - 11*w + 8. Let x(k) = 9*k**2 + 21*k - 15. Let f(p) = 5*q(p) + 3*x(p). List the prime factors of f(-7).
37
Let d = -163 - -291. List the prime factors of d.
2
List the prime factors of 71/2 + (-14)/(-28).
2, 3
Let c = 128 - 64. List the prime factors of c.
2
Suppose 5*d = 10 + 10, 0 = 5*o + 3*d + 28. Let w = 3 + o. Let l = 2 - w. What are the prime factors of l?
7
Let u be 2/6 - 17/(-3). Let q be (-3)/15 - (-2)/10. Suppose q = 3*b - u*b + 27. List the prime factors of b.
3
Let n(o) = 1. Let s(h) = 3*h + 2. Let j(w) = -5*n(w) + s(w). List the prime factors of j(4).
3
Suppose 2*z + 3*z = 170. List the prime factors of z.
2, 17
Suppose -6*a = -s - a + 47, -3*a = -5*s + 235. List the prime factors of s.
47
Suppose -z - 27 = -2*z. What are the prime factors of ((-18)/z)/((-2)/42)?
2, 7
Let b(w) = w**2 - w - 6. Let x be b(4). Let j = -37 + 22. What are the prime factors of ((-8)/10)/(x/j)?
2
Suppose -208 - 284 = -4*w. What are the prime factors of w?
3, 41
Suppose -2*q + 67 = -107. What are the prime factors of q?
3, 29
Let q be (-33)/(-15) + (-2)/10. Suppose q*y = -c + 5, 0*c + 3*y - 6 = -c. What are the prime factors of c?
3
Let h(b) = -3*b + 6. Let y be h(-5). Let w = 40 - y. Let s = w - 8. List the prime factors of s.
11
Let p(v) = 3*v - 4*v**2 - 3*v**2 - 3 + v**3 + 5*v. Let u(r) = -5*r + 1. Let x be u(-1). What are the prime factors of p(x)?
3
Let n be ((-12)/30)/((-3)/930). Suppose 0*t - n = -4*t. What are the prime factors of t?
31
Let h = -44 + 63. List the prime factors of h.
19
Let k = -8 - -22. What are the prime factors of k?
2, 7
List the prime factors of 215/10 + (-9)/(-6).
23
Let l(v) = v**3 - 10*v**2 - 5*v + 26. What are the prime factors of l(11)?
2, 23
Let w = 117 + -48. What are the prime factors of w?
3, 23
Let r be (105/14)/(1/(-4)). Let y = 45 + r. List the prime factors of y.
3, 5
Suppose 3*a - a + 5*c + 22 = 0, -5*a - 55 = c. Let r = a + 15. Suppose -9 + 45 = r*f. List the prime factors of f.
3
Suppose 15 = -3*z + 879. What are the prime factors of z?
2, 3
Suppose 16 = 4*z + 2*t, 0 = 3*z - t + 3*t - 14. Let g(a) = z*a**2 - a**2 + 4*a - 3 + 5. List the prime factors of g(-5).
7
Let w(s) = 3*s + 9. Let t be w(-3). Suppose -4*k + 2*k + 62 = t. List the prime factors of k.
31
Suppose -4*u = -5*i + 2 + 31, u = -3*i + 30. What are the prime factors of i?
3
What are the prime factors of (-1310)/(-25) + 4/(-10)?
2, 13
Suppose 4*n = 2*n + 14. Suppose -4*c + n = -3*c. Let h = c - -2. What are the prime factors of h?
3
Let p be (1/3)/(2/30). Suppose -p*h + 24 = -h. What are the prime factors of h?
2, 3
Let p = 65 + -35. List the prime factors of p.
2, 3, 5
Let w = 281 + -98. List the prime factors of w.
3, 61
Suppose 3*v - 7 = c, -5*c + 13 = 3*v - 6. List the prime factors of c.
2
Let c be (-9)/6*2*-1. Let n = 3 + c. List the prime factors of n/3 - (-11 - -2).
11
Let v = -3 + 7. Suppose v + 13 = 3*w + j, -j - 13 = -3*w. List the prime factors of w.
5
Let h(b) = 3*b**2 + 16*b + 6. List the prime factors of h(-7).
41
List the prime factors of 0 + -1 - (3 + -4 - 25).
5
Let w = -6 - -109. List the prime factors of w.
103
Let i = 4 - 6. Let a be -4 - -8 - 0/i. Suppose a*o - 3*o - 21 = 0. List the prime factors of o.
3, 7
Let r(j) = 8*j + 2. Let i be r(2). Let p = -40 + i. What are the prime factors of 8/(-20) + p/(-5)?
2
Suppose 3*w + 1 + 2 = 0, w - 14 = -5*o. Let r = 5 - o. Suppose -44 = -r*j - 2*j. What are the prime factors of j?
11
Suppose 20 = 4*o - 2*o. What are the prime factors of o?
2, 5
Let k be 19/((-4)/(-6 + 2)). Suppose 3*t + 19 = q, t = -q - 0*t + k. List the prime factors of q.
19
Let r = 288 - 190. List the prime factors of r.
2, 7
Let o = 8 - 3. Let k be 20/11 + (-2)/(-11). Let n = k + o. What are the prime factors of n?
7
Let x(t) be the third derivative of -t**6/120 - t**5/12 - t**4/8 - t**2. Let q be x(-5). Let h = q + -6. What are the prime factors of h?
3
Suppose 5*l = 167 + 58. Let m = l + -32. What are the prime factors of m?
13
What are the prime factors of (2 + (1 - 4))*-71?
71
Let q(g) = -g**2 + 32*g - 19. List the prime factors of q(12).
13, 17
Suppose 28 = 5*z - z. Let v(b) = -b**2 + 14*b - 9. What are the prime factors of v(z)?
2, 5
Let b = 25 - 10. Suppose 4*s - 5 - b = 0. Suppose 10 - 90 = -s*a. List the prime factors of a.
2
Let y be (-1175)/20 - 3/(-4). Let z = y + 91. What are the prime factors of z?
3, 11
Let z = 8 - 3. Let m = 14 - z. What are the prime factors of m?
3
Let m(q) = 4*q - 16. Let j(k) = k - 4. Let g(i) = 26*j(i) - 6*m(i). Let b = 11 + -2. List the prime factors of g(b).
2, 5
Let x(y) = -y + 8. Let d be x(7). Let l = 3 - d. Suppose 10 = l*u, -3*p + 4*u - 12 = p. What are the prime factors of p?
2
Let n be 56/10 + 4/10. Suppose -m = n - 14. Let i = m + 3. What are the prime factors of i?
11
Let v be (30/(-18))/(1/(-3)). What are the prime factors of 6*9 - 20/v?
2, 5
Let d(i) = 2*i**2 - i + 1. Let a be (-1 - -2*2) + -2. List the prime factors of d(a).
2
Let a(r) = 2*r - 1. Let c(n) = -n - 1. Let f(g) = a(g) + 3*c(g). Let q be f(-4). Let j(s) = s + 5. List the prime factors of j(q).
5
Suppose 0 = l + w - 1, -5*l + 10 + 1 = 2*w. Suppose -l*d + 6 = -24. List the prime factors of d.
2, 5
Suppose -3*i - 12 = 0, -2*m = -5*m + 4*i + 70. What are the prime factors of m?
2, 3
Suppose -5*x = -39 - 201. What are the prime factors of x?
2, 3
Let k = -134 + 189. List the prime factors of k.
5, 11
Let f = 357 - 223. What are the prime factors of f?
2, 67
Let c = -25 + 25. Suppose 3*y = 5*x + 4*y - 13, 2*y = x - 7. Suppose v = -4*u + 37, -15 = -x*v - c. What are the prime fact